7. Calculate q(z).
28
Suppose -34 = 6*q - 4. Let g(z) be the first derivative of z**2/2 + 11*z - 1. Calculate g(q).
6
Let b(p) be the third derivative of 1/60*p**5 + 0*p + 1/24*p**4 - 3*p**2 + 0 + 1/2*p**3. Calculate b(-3).
9
Let r(z) = 45*z**2 + 11*z - 16. Let s(h) = -9*h**2 - 2*h + 3. Let n(c) = 2*r(c) + 11*s(c). Let v = 53 + -98. Let a be v/39 - 6/(-39). Calculate n(a).
-8
Let u(d) be the second derivative of 2*d + 0 + 0*d**2 - 1/6*d**4 - 1/2*d**3 + 1/120*d**5. Let m(f) be the second derivative of u(f). What is m(-3)?
-7
Suppose z - 24 = -5*m, 5*m - z - 26 = -0*z. Let s(y) = 70 + 117*y - 116*y - 68. Determine s(m).
7
Let q(j) be the first derivative of j**4/4 + 2*j**3/3 + j**2 + 2*j + 2. Determine q(-2).
-2
Let p(f) = -2*f**2 + 4*f**2 - f**2 - 2*f**2 + 6*f + 3. Let s(y) = y**3 + 5*y**2 + 3*y + 1. Let g be s(-4). What is p(g)?
8
Suppose -3*b - 7*b = -20. Let r(s) = -3*s + 1. Give r(b).
-5
Let o(c) = -c**2 + 6*c - 3. Suppose 0 = 2*u - 5*j - 2, -7*j + 3*j = -8. Calculate o(u).
-3
Suppose 3*h = 5*h + 42. Let u be h/(-7) - (6 + -2). Let g(z) = z**2 - 1. Give g(u).
0
Let b(k) = 2*k + k**2 + 4*k + 2 - 2 - 5. Give b(-4).
-13
Let a(w) = w**3 + 5*w**2 - w - 7. Let n(f) = -f**3 + 25. Let h be n(0). Suppose 6*z + h = z. Determine a(z).
-2
Let k(q) be the second derivative of q**3/6 - q**2/2 - 57*q. Calculate k(6).
5
Let b(k) = k**3 - 4*k**2 - 5*k + 2. Suppose 5*n = 40 - 100. Let c = 4 - n. Suppose -3*m - 1 + c = 0. Determine b(m).
2
Let c(u) = u + 1. Suppose -3*y = 2*b + 27, 3*b - 4*y + 2 = 4. Let g = 4 + b. Determine c(g).
-1
Suppose -r = -4*r - 4*u - 2, -2*r + 2*u = -8. Suppose -4*s + 6 = 2*g, 3*s - 4*g = 2*s - 12. Let z(x) = 0*x - x**r + 3*x - 3 + s*x**3 + x**3. Calculate z(2).
7
Let v(y) = 7*y**3 - y**2 + 2. Let u(m) = -m**3 + m**2 - 1. Let d(c) = u(c) + v(c). Determine d(-1).
-5
Suppose b = -3, 2*b = -t + 3*t + 4. Let s(i) be the third derivative of -i**5/60 - 5*i**4/24 - i**3/6 - 10*i**2 + 3. What is s(t)?
-1
Let q(c) be the third derivative of c**4/12 - c**3/3 - 3*c**2. Let y be (-3)/9*-3*-2. Determine q(y).
-6
Let s(w) = 10*w**2 - 2 - 19*w**2 + 16*w**2 + 1. What is s(-1)?
6
Suppose 24 - 126 = 17*y. Let q(j) = -j**2 - 6*j - 9. Determine q(y).
-9
Let m(k) = 2*k + k**2 + 2 + k - 3*k. Calculate m(0).
2
Let n(w) = 2*w + 8. Let d be (4/(-6))/(1/(-3)). Suppose d*l - 12 = 4*l. Give n(l).
-4
Let u(x) = -x + 2. Let h be u(-3). Suppose -15 = -5*s - h. Let n(d) = -2*d - 2*d**3 - d**2 + 2 - 2*d**2 - d**s. Give n(-2).
6
Let d(g) = g - 2. Suppose 0 = 3*l - 4*l + 4. Suppose 0*m - 4*m + 8 = l*o, -2 = -5*m - 3*o. What is d(m)?
-4
Let k be 3*(10/5 + -1). Let i(h) = -h**3 + 6*h**2 - 5*h + 3. What is i(k)?
15
Let z = 193/195 - 12/13. Let y(u) be the third derivative of 0 + 5/6*u**3 + 1/120*u**6 - z*u**5 + u**2 - 1/8*u**4 + 0*u. What is y(4)?
-7
Let w = -15 + 29. Let x(f) = 8*f**2 - f - 8. Let z(k) = -k**2 + 1. Let l(d) = w*z(d) + 2*x(d). Calculate l(2).
2
Let c = -4 - -6. Suppose -6 = -v - c. Suppose -g - g - v = 0. Let n(d) = -3*d + 1. Determine n(g).
7
Let d(m) = m**3 + 6*m**2 - 2*m - 3. Suppose 0 = 2*v + 8. Let z be -6 + 0/((-12)/v). What is d(z)?
9
Let u(s) = s**2 + 4*s - 2. Suppose 2*i = -5*d + 7, 5*d = -4*i - 5 + 4. Let j(v) = v**3 - 3*v**2 + 2*v - 1. Let g be j(3). Suppose 2*q + g + d = 0. Give u(q).
-2
Let z(q) be the first derivative of q**4/4 + 2*q**3/3 - 3*q**2/2 + 5*q + 10. Give z(-4).
-15
Let i(o) = -1 + 3 - 7 + o + 4. Let q(d) = d**3 + 5*d**2 - 5*d - 2. Let z be q(-6). Let f = z - -4. Give i(f).
-5
Suppose -2*k + 5*q = 24, 2*k + q = -3*q + 12. Let f(g) be the second derivative of -1/4*g**4 + 5*g + 1/2*g**2 + 0 - 1/3*g**3. Give f(k).
-7
Let u(m) = -m**3 - m + 1. Let d(k) = 2*k**3 + 6*k**2 + 2*k - 7. Let f(n) = -d(n) - 3*u(n). Determine f(4).
-24
Let l be 2/4 - 2/4. Let y = l - -5. Suppose y*j = -23 - 2. Let z(r) = 2*r + 4. Determine z(j).
-6
Let w(l) = l**2. Suppose 0*g = 4*g - 16. Suppose z - g*z - 9 = 0. Let y = z + 4. Calculate w(y).
1
Let a be (-10)/(-15)*18/4. Let u(o) = -4 + o + 2*o**2 - o**2 + o**a - 6*o**2. What is u(5)?
1
Let d(a) = 2 - 1 + a + 0*a - a**2. Let j(x) = 10 + 7*x - x**3 + 7*x**2 - 1 + 2*x**3. Let z be j(-6). What is d(z)?
-5
Let z(f) = f**3 - 4*f**2 + 3*f - 2. Suppose 2*k = 6*k + 28. Let o = 9 + k. Calculate z(o).
-4
Let z(t) = -3*t - 4. Suppose -3*q - 4 = 5. Determine z(q).
5
Let g(y) = -y**3 - 3*y**2 + 1. Let c(i) = 3*i + 9. Let n be c(-4). Determine g(n).
1
Let s = 13 + -13. Let h(q) = -q**2 + q + 3. Calculate h(s).
3
Let w(u) = -u**3 + 3*u**2 + 4*u + 1. Let f be w(4). Let v = -1 + f. Let i(c) = -c**3 + c**2 - c - 2. Calculate i(v).
-2
Let s(b) = -b - 45 - 45 + 146 - 50. Give s(6).
0
Let b(i) = 6*i - 11 + 2*i - 4*i - 3*i. Let o = 25 + -20. Calculate b(o).
-6
Let u be (-2 - -2) + -4 + 6. Suppose 4*x - d + 4*d + 12 = 0, 2*x + 6 = -u*d. Let a(f) = f**3 + 3*f**2 - 4*f - 4. Calculate a(x).
8
Let v(y) = -y**3 - 5*y**2 + 6*y + 7. Let a be (2 + 1)*(1 + -3). Let t be v(a). Let g(n) = n - 10. What is g(t)?
-3
Let g(n) = 6*n + 2. Let z be (0 - -1)/(-1) + -1. Determine g(z).
-10
Suppose -2*k - 36 = -8*k. Let g(t) = -t**2 + 5*t - 4. Determine g(k).
-10
Let p(u) = u. Suppose 3*g + 2*n = -24, 2*n = -2*g + 4*g + 6. Calculate p(g).
-6
Let j(c) = c**2 - c + 4. Let k(i) = -2*i**2 - 8. Let o(a) = 7*j(a) + 4*k(a). Let m(z) = z**3 + 4*z**2 + 2*z + 3. Let n be m(-4). What is o(n)?
6
Let h(g) be the first derivative of -g**3/3 + g**2/2 + 4*g - 20. What is h(4)?
-8
Let s(x) = 5*x + 6. Let n(f) = 4*f + 6. Let a(o) = 4*n(o) - 3*s(o). Give a(-6).
0
Let y(i) be the second derivative of 0 + 2*i**2 + 1/3*i**3 - i - 1/12*i**4. Calculate y(4).
-4
Suppose 3*a = -0*a + 21. Let p(l) be the first derivative of l**2/2 - 17*l - 16. Calculate p(a).
-10
Let l be 4/(-20) + 2 + 2/10. Let k(q) = -2 - 4*q**2 + 0*q - q + 3*q**2. Calculate k(l).
-8
Let n(v) = v**2 - v + 1. Suppose 5*b + 10 = 2*i - 5, 0 = b + 3*i + 3. Calculate n(b).
13
Let a = 29 + -27. Let y(q) = -1 + q**2 - 3*q**a + 2*q - 8*q**3 + 0*q. What is y(1)?
-9
Let o = -3 - -7. Let r(d) = d**2 - 6*d + 4. Give r(o).
-4
Let k(u) = u**3 + 3*u**2 + u. Suppose -3*n + 0*t = -5*t - 17, -2*n + 6 = 2*t. Let z = n + 0. Suppose 12 = -2*a + 5*p, -2*a - 6 - z = -4*p. Calculate k(a).
1
Let y(j) = -7*j - j**3 + 5*j**2 + 0*j**3 + 6 + 2*j. Suppose 0*s = 3*s + 6. Let m = 2 - s. What is y(m)?
2
Let g(x) = -x**2 + 5*x - 3. Let k(c) = -c**2 + 9*c + 13. Let i be k(10). Give g(i).
3
Let w(b) be the first derivative of -b**5/60 - b**3/6 - 7*b**2/2 + 4. Let g(f) be the second derivative of w(f). Calculate g(-3).
-10
Suppose 221 - 61 = -16*h. Let z(t) = 2*t + 12. Calculate z(h).
-8
Let s(w) = 6 + 2 + w - 2*w + 5*w. Let v = -8 - -2. Determine s(v).
-16
Let l(s) = -2*s - 3. Let o(i) be the second derivative of -i**3/3 - i**2 - 2*i. Let q(j) = -3*l(j) + 4*o(j). Let g = -14 - -9. Calculate q(g).
11
Let q(g) = -763*g**2 + 0*g + 764*g**2 - g. Let p be 2/4 - 5/2. Determine q(p).
6
Let j(x) be the second derivative of -1/8*x**4 - 2/3*x**3 + 0 - 1/60*x**5 - 3/2*x**2 - x. Let z(n) be the first derivative of j(n). Determine z(-3).
-4
Let i(f) = -f**2 + 5*f + 3. Let v(j) = -j + 14. Let l be v(10). Suppose 0*y - l*y = 4*g - 28, 2*g = y + 2. Let u(w) = w + 2. Let s be u(g). Give i(s).
3
Suppose 0 = -0*p + 4*p. Suppose -3*c + p*c - 12 = 0. Let d(a) = -2*a + 13. Let x(q) = -q + 7. Let n(u) = c*d(u) + 7*x(u). Determine n(0).
-3
Suppose 3*p + 4*l + 32 = 5*p, 5*l = -25. Let s(i) be the third derivative of -i**4/12 + 4*i**3/3 + 13*i**2. Give s(p).
-4
Let n(l) = l**3 + 6*l**2 + 6*l + 3. Suppose 0 = 2*t - 2 - 0, -5*t - 47 = -2*s. Suppose -3*i = c + 27, 5*i + s + 18 = -2*c. Let z = 5 + i. Calculate n(z).
-2
Let s(x) = 2*x**3 - 2*x**2 - 1. Let v = -25 - -37. Suppose -4*o + v = 4*y, 2*o + 2*o - 6 = 2*y. Calculate s(o).
7
Let h(k) be the second derivative of -k**5/20 + k**4/4 + 2*k**3/3 + k**2/2 - k. Determine h(3).
13
Let y = -35 - -39. Let w(v) = -v**3 + 3*v + 8. Let x(z) = -3*z**3 + z**2 + 9*z + 23. Let n(f) = -8*w(f) + 3*x(f). What is n(y)?
1
Let b(r) = r**3 + 5*r**2 + 2*r - 3. Suppose -2*k + 3*s - 10 = -3*k, -3*k + 2*s - 25 = 0. Calculate b(k).
-13
Let u(z) = 2*z**2 + 2*z - 2. Let c be u(2). Suppose -b + 1 = -3*o, -4*b + 3*b = -4*o. Let g be 70/c - (2 + o). Let f(k) = -2*k + 2. Give f(g).
-6
Let i(g) = g + 5. Let t = 11 - 14. Let o = -3 - t. Determine i(o